67.
56767
What are the prime factors of 7672?
2, 7, 137
What are the prime factors of 1785?
3, 5, 7, 17
List the prime factors of 513.
3, 19
What are the prime factors of 1328?
2, 83
List the prime factors of 1695.
3, 5, 113
List the prime factors of 13112.
2, 11, 149
List the prime factors of 20730.
2, 3, 5, 691
List the prime factors of 34512.
2, 3, 719
What are the prime factors of 13267?
13267
What are the prime factors of 18180?
2, 3, 5, 101
What are the prime factors of 9108?
2, 3, 11, 23
List the prime factors of 7990.
2, 5, 17, 47
List the prime factors of 2144.
2, 67
List the prime factors of 11544.
2, 3, 13, 37
List the prime factors of 3419.
13, 263
What are the prime factors of 16639?
7, 2377
What are the prime factors of 1170?
2, 3, 5, 13
List the prime factors of 26823.
3, 8941
List the prime factors of 12083.
43, 281
List the prime factors of 55252.
2, 19, 727
What are the prime factors of 1163?
1163
What are the prime factors of 61090?
2, 5, 41, 149
List the prime factors of 2877.
3, 7, 137
What are the prime factors of 836?
2, 11, 19
List the prime factors of 12247.
37, 331
List the prime factors of 4335.
3, 5, 17
What are the prime factors of 4317?
3, 1439
What are the prime factors of 71122?
2, 43, 827
What are the prime factors of 516?
2, 3, 43
What are the prime factors of 190?
2, 5, 19
What are the prime factors of 37?
37
List the prime factors of 5780.
2, 5, 17
What are the prime factors of 91549?
83, 1103
List the prime factors of 38616.
2, 3, 1609
List the prime factors of 1142.
2, 571
List the prime factors of 59321.
137, 433
What are the prime factors of 45210?
2, 3, 5, 11, 137
List the prime factors of 444.
2, 3, 37
List the prime factors of 2629.
11, 239
List the prime factors of 5760.
2, 3, 5
List the prime factors of 3914.
2, 19, 103
List the prime factors of 72553.
13, 5581
List the prime factors of 2538.
2, 3, 47
List the prime factors of 1638.
2, 3, 7, 13
What are the prime factors of 750?
2, 3, 5
What are the prime factors of 3053?
43, 71
What are the prime factors of 1413?
3, 157
What are the prime factors of 10415?
5, 2083
What are the prime factors of 8862?
2, 3, 7, 211
List the prime factors of 5325.
3, 5, 71
What are the prime factors of 594?
2, 3, 11
List the prime factors of 51108.
2, 3, 4259
What are the prime factors of 7845?
3, 5, 523
List the prime factors of 637.
7, 13
What are the prime factors of 688?
2, 43
What are the prime factors of 1856?
2, 29
What are the prime factors of 8988?
2, 3, 7, 107
What are the prime factors of 7591?
7591
What are the prime factors of 89393?
89393
List the prime factors of 1269.
3, 47
What are the prime factors of 1432?
2, 179
What are the prime factors of 10081?
17, 593
List the prime factors of 3806.
2, 11, 173
List the prime factors of 4870.
2, 5, 487
List the prime factors of 4740.
2, 3, 5, 79
What are the prime factors of 2643?
3, 881
List the prime factors of 131955.
3, 5, 19, 463
List the prime factors of 18698.
2, 9349
List the prime factors of 5134.
2, 17, 151
What are the prime factors of 1160?
2, 5, 29
List the prime factors of 7299.
3, 811
What are the prime factors of 302?
2, 151
What are the prime factors of 32862?
2, 3, 5477
List the prime factors of 5919.
3, 1973
What are the prime factors of 58119?
3, 19373
List the prime factors of 3830.
2, 5, 383
What are the prime factors of 39241?
39241
What are the prime factors of 413?
7, 59
List the prime factors of 7440.
2, 3, 5, 31
List the prime factors of 77357.
7, 43, 257
What are the prime factors of 1278?
2, 3, 71
What are the prime factors of 5057?
13, 389
What are the prime factors of 22922?
2, 73, 157
List the prime factors of 20453.
113, 181
What are the prime factors of 18155?
5, 3631
List the prime factors of 48359.
37, 1307
What are the prime factors of 13629?
3, 7, 11, 59
List the prime factors of 41472.
2, 3
What are the prime factors of 4463?
4463
List the prime factors of 1179.
3, 131
List the prime factors of 45694.
2, 11, 31, 67
What are the prime factors of 3397?
43, 79
List the prime factors of 7770.
2, 3, 5, 7, 37
List the prime factors of 363.
3, 11
List the prime factors of 1830.
2, 3, 5, 61
List the prime factors of 5153.
5153
What are the prime factors of 36348?
2, 3, 13, 233
What are the prime factors of 1620?
2, 3, 5
List the prime factors of 4075.
5, 163
What are the prime factors of 2631?
3, 877
List the prime factors of 5158.
2, 2579
What are the prime factors of 2914?
2, 31, 47
What are the prime factors of 16788?
2, 3, 1399
List the prime factors of 89.
89
List the prime factors of 339.
3, 113
List the prime factors of 10224.
2, 3, 71
What are the prime factors of 18352?
2, 31, 37
List the prime factors of 3807.
3, 47
List the prime factors of 40786.
2, 20393
What are the prime factors of 53232?
2, 3, 1109
List the prime factors of 6972.
2, 3, 7, 83
What are the prime factors of 2051?
7, 293
List the prime factors of 4869.
3, 541
List the prime factors of 5349.
3, 1783
What are the prime factors of 8595?
3, 5, 191
List the prime factors of 43743.
3, 7, 2083
What are the prime factors of 104667?
3, 139, 251
What are the prime factors of 75294?
2, 3, 47, 89
What are the prime factors of 12984?
2, 3, 541
List the prime factors of 32893.
7, 37, 127
What are the prime factors of 11146?
2, 5573
What are the prime factors of 82253?
83, 991
List the prime factors of 4836.
2, 3, 13, 31
What are the prime factors of 1108?
2, 277
What are the prime factors of 40840?
2, 5, 1021
What are the prime factors of 28207?
67, 421
List the prime factors of 522.
2, 3, 29
What are the prime factors of 1881?
3, 11, 19
What are the prime factors of 31067?
47, 661
What are the prime factors of 79013?
11, 653
What are the prime factors of 115445?
5, 11, 2099
What are the prime factors of 10335?
3, 5, 13, 53
What are the prime factors of 805?
5, 7, 23
What are the prime factors of 2390?
2, 5, 239
What are the prime factors of 7479?
3, 277
List the prime factors of 344.
2, 43
What are the prime factors of 16039?
43, 373
What are the prime factors of 53556?
2, 3, 4463
List the prime factors of 10435.
5, 2087
List the prime factors of 959.
7, 137
What are the prime factors of 68?
2, 17
List the prime factors of 10584.
2, 3, 7
What are the prime factors of 9172?
2, 2293
What are the prime factors of 1016?
2, 127
List the prime factors of 30705.
3, 5, 23, 89
List the prime factors of 36556.
2, 13, 19, 37
What are the prime factors of 197?
197
List the prime factors of 36961.
23, 1607
List the prime factors of 20051.
20051
List the prime factors of 108798.
2, 3, 18133
List the prime factors of 152755.
5, 137, 223
List the prime factors of 4770.
2, 3, 5, 53
What are the prime factors of 2876?
2, 719
What are the prime factors of 18774?
2, 3, 7, 149
What are the prime factors of 5257?
7, 751
What are the prime factors of 15672?
2, 3, 653
What are the prime factors of 12444?
2, 3, 17, 61
List the prime factors of 40464.
2, 3, 281
What are the prime factors of 1532?
2, 383
What are the prime factors of 73354?
2, 36677
What are the prime factors of 50586?
2, 3, 8431
What are the prime factors of 129830?
2, 5, 12983
What are the prime factors of 79185?
3, 5, 5279
List the prime factors of 857.
857
List the prime factors of 8465.
5, 1693
What are the prime factors of 22749?
3, 7583
What are the prime factors of 4701?
3, 1567
List the prime factors of 1573.
11, 13
List the prime factors of 791.
7, 113
List the prime factors of 892.
2, 223
List the prime factors of 1507.
11, 137
List the prime factors of 28693.
7, 4099
List the prime factors of 2149.
7, 307
What are the prime factors of 1361?
1361
List the prime factors of 5691.
3, 7, 271
What are the prime factors of 39241?
39241
List the prime factors of 645.
3, 5, 43
What are the prime factors of 709?
709
What are the prime factors of 37033?
29, 1277
List the prime factors of 9557.
19, 503
What are the prime factors of 848?
2, 53
List the prime factors of 2879.
2879
What are the prime factors of 19149?
3, 13, 491
List the prime factors of 826.
2, 7, 59
List the prime factors of 14492.
2, 3623
What are the prime factors of 242?
2, 11
What are the prime factors of 101?
101
List the prime factors of 14.
2, 7
List the prime factors of 10862.
2, 5431
What are the